{"id":11586,"date":"2024-01-09T12:15:29","date_gmt":"2024-01-09T11:15:29","guid":{"rendered":"https:\/\/www.telkab.pl\/?page_id=11586"},"modified":"2024-01-09T17:33:22","modified_gmt":"2024-01-09T16:33:22","slug":"faq","status":"publish","type":"page","link":"https:\/\/www.telkab.pl\/index.php\/faq\/","title":{"rendered":"Pomoc FAQ"},"content":{"rendered":"<div class=\"wpb-content-wrapper\"><p>[vc_row margin_top=&#8221;-80&#8243; full_width_row=&#8221;true&#8221; css=&#8221;.vc_custom_1704797003221{margin-top: 0px !important;border-top-width: 0px !important;padding-top: 0px !important;}&#8221;][vc_column offset=&#8221;vc_hidden-sm vc_hidden-xs&#8221;][vc_single_image image=&#8221;11584&#8243; img_size=&#8221;full&#8221; alignment=&#8221;center&#8221; image_hovers=&#8221;false&#8221;]<div class=\"ult-spacer spacer-6a096097d4368\" data-id=\"6a096097d4368\" data-height=\"10\" data-height-mobile=\"5\" data-height-tab=\"5\" data-height-tab-portrait=\"5\" data-height-mobile-landscape=\"5\" style=\"clear:both;display:block;\"><\/div>[\/vc_column][\/vc_row][vc_row][vc_column width=&#8221;2\/3&#8243;][vc_column_text]<strong>FAQ czyli najcz\u0119\u015bciej zadawane pytania.<\/strong><\/p>\n<p>[\/vc_column_text]<div class=\"ult-spacer spacer-6a096097d439b\" data-id=\"6a096097d439b\" data-height=\"10\" data-height-mobile=\"5\" data-height-tab=\"5\" data-height-tab-portrait=\"5\" data-height-mobile-landscape=\"5\" style=\"clear:both;display:block;\"><\/div>[vc_column_text]<\/p>\n<h2>Pytania zwi\u0105zane z szybkim dost\u0119pem do Internetu.<\/h2>\n<ul>\n<li><strong>Jakie s\u0105 zalety \u015bwiat\u0142owodu (FTTH) w por\u00f3wnaniu z tradycyjnym \u0142\u0105czem?<\/strong> FTTH oferuje znacznie wy\u017csze pr\u0119dko\u015bci pobierania i wysy\u0142ania danych, wi\u0119ksz\u0105 niezawodno\u015b\u0107 i lepsz\u0105 jako\u015b\u0107 transmisji, co jest idealne dla streamingu wideo, gier online i pracy zdalnej.<\/li>\n<li><strong>Jak mog\u0119 pod\u0142\u0105czy\u0107 w\u0142asny router do istniej\u0105cego po\u0142\u0105czenia \u015bwiat\u0142owodowego?<\/strong> Pod\u0142\u0105czanie w\u0142asnego routera do naszego po\u0142\u0105czenia \u015bwiat\u0142owodowego jest proste. Po prostu pod\u0142\u0105cz kabel Ethernet od naszego urz\u0105dzenia terminalnego do portu WAN w Twoim routerze. Aby zapewni\u0107 najlepsz\u0105 wydajno\u015b\u0107, zalecamy u\u017cywanie routera zgodnego z najnowszymi standardami Wi-Fi.<\/li>\n<li><strong>Dlaczego moje po\u0142\u0105czenie Wi-Fi jest wolne lub niestabilne?<\/strong>\u00a0 Pr\u0119dko\u015b\u0107 i stabilno\u015b\u0107 Wi-Fi mog\u0105 by\u0107 ograniczone przez wiele czynnik\u00f3w, takich jak odleg\u0142o\u015b\u0107 od routera, przeszkody fizyczne, a tak\u017ce zak\u0142\u00f3cenia od innych sieci bezprzewodowych. Dla najbardziej niezawodnego po\u0142\u0105czenia zawsze zalecamy po\u0142\u0105czenie przewodowe za pomoc\u0105 kabla Ethernet. Aby pog\u0142\u0119bi\u0107 swoj\u0105 wiedze i zrozumie\u0107 jak dzia\u0142a domowe wifi zach\u0119camy do <a href=\"https:\/\/www.telkab.pl\/index.php\/problemy-z-wi-fi\/\">przeczytania tego artyku\u0142u.<\/a><\/li>\n<li><strong>Czy mog\u0119 zmieni\u0107 nazw\u0119 i has\u0142o mojej sieci Wi-Fi?<\/strong>\u00a0 Jako nasz klient, nie masz mo\u017cliwo\u015bci zmiany ustawie\u0144 nazwy sieci (SSID) lub has\u0142a Wi-Fi w dostarczonym przez nas routerze. Te ustawienia s\u0105 prekonfigurowane dla Twojej wygody i bezpiecze\u0144stwa. Je\u015bli chcesz ustawi\u0107 w\u0142asn\u0105 nazw\u0119 sieci i has\u0142o, mo\u017cesz pod\u0142\u0105czy\u0107 w\u0142asny router.<\/li>\n<li><strong>Czy mog\u0119 u\u017cywa\u0107 Wi-Fi do wszystkich moich urz\u0105dze\u0144 domowych?<\/strong>\u00a0 Tak, nasze us\u0142ugi Wi-Fi s\u0105 kompatybilne z wi\u0119kszo\u015bci\u0105 urz\u0105dze\u0144 bezprzewodowych. Jednak\u017ce dla urz\u0105dze\u0144 wymagaj\u0105cych sta\u0142ej, szybkiej \u0142\u0105czno\u015bci, takich jak komputery stacjonarne lub konsoli do gier, zalecamy u\u017cycie po\u0142\u0105czenia przewodowego.<\/li>\n<li><strong>Jakie urz\u0105dzenia powinienem pod\u0142\u0105czy\u0107 przewodowo?<\/strong>\u00a0 Urz\u0105dzenia, kt\u00f3re wymagaj\u0105 stabilnego po\u0142\u0105czenia i niskiego pingu, takie jak komputery stacjonarne, konsoli do gier, a tak\u017ce urz\u0105dzenia do streamingu wideo, powinny by\u0107 pod\u0142\u0105czone przewodowo, aby zapewni\u0107 najlepsz\u0105 wydajno\u015b\u0107.<\/li>\n<li><strong>Czy pr\u0119dko\u015b\u0107 mojego po\u0142\u0105czenia jest gwarantowana?<\/strong>\u00a0 Zapewniamy, \u017ce nasze po\u0142\u0105czenia \u015bwiat\u0142owodowe oferuj\u0105 najwy\u017csze dost\u0119pne pr\u0119dko\u015bci. Jednak pr\u0119dko\u015bci Wi-Fi mog\u0105 si\u0119 r\u00f3\u017cni\u0107 w zale\u017cno\u015bci od wielu czynnik\u00f3w \u015brodowiskowych. Dla gwarantowanej pr\u0119dko\u015bci zalecamy po\u0142\u0105czenie przewodowe.<\/li>\n<\/ul>\n<h2>Pytania zwi\u0105zane z telewizj\u0105.<\/h2>\n<ul>\n<li><strong>Jaka jest r\u00f3\u017cnica mi\u0119dzy telewizj\u0105 kablow\u0105 DVB-C a IPTV?<\/strong>\u00a0 Telewizja kablowa DVB-C wykorzystuje tradycyjny kabel koncentryczny do przesy\u0142ania sygna\u0142u i wymaga dekodera lub modu\u0142u CI z kart\u0105 dost\u0119pu. IPTV to nowoczesna technologia dostarczana poprzez po\u0142\u0105czenie \u015bwiat\u0142owodowe, kt\u00f3ra oferuje dodatkowe funkcje, takie jak nagrywanie, cofanie i przewijanie audycji do 7 dni wstecz.<\/li>\n<li><strong>Czy potrzebuj\u0119 specjalnego sprz\u0119tu, aby korzysta\u0107 z telewizji IPTV?<\/strong>\u00a0 Do korzystania z telewizji IPTV potrzebny jest dekoder IPTV, kt\u00f3ry jest dost\u0119pny w naszej ofercie. Umo\u017cliwia on dost\u0119p do zaawansowanych funkcji i zapewnia wysok\u0105 jako\u015b\u0107 obrazu oraz d\u017awi\u0119ku.<\/li>\n<li><strong>Czy mog\u0119 nagrywa\u0107 programy telewizyjne korzystaj\u0105c z telewizji kablowej DVB-C?<\/strong> : Nasza tradycyjna telewizja kablowa DVB-C nie oferuje funkcji nagrywania. Je\u015bli jeste\u015b zainteresowany tak\u0105 funkcjonalno\u015bci\u0105, polecamy nasz\u0105 us\u0142ug\u0119 IPTV, kt\u00f3ra umo\u017cliwia nagrywanie, a tak\u017ce cofanie i przewijanie audycji do 7 dni wstecz.<\/li>\n<li><strong>Czy mog\u0119 ogl\u0105da\u0107 telewizj\u0119 na wi\u0119cej ni\u017c jednym urz\u0105dzeniu?<\/strong>\u00a0 Tak, nasze us\u0142ugi telewizji cyfrowej umo\u017cliwiaj\u0105 jednoczesne korzystanie z wielu urz\u0105dze\u0144. Szczeg\u00f3\u0142y znajdziesz w umowie us\u0142ugi lub mo\u017cesz skontaktowa\u0107 si\u0119 z nami w celu uzyskania informacji o mo\u017cliwo\u015bciach i pakietach.<\/li>\n<li><strong>Co zrobi\u0107, gdy telewizja cyfrowa nie odbiera kana\u0142\u00f3w?<\/strong>\u00a0 Sprawd\u017a, czy wszystkie kable s\u0105 prawid\u0142owo pod\u0142\u0105czone, zrestartuj dekoder TV i upewnij si\u0119, \u017ce nie ma \u017cadnych zak\u0142\u00f3ce\u0144 sygna\u0142u. Je\u015bli problem nie ust\u0119puje, skontaktuj si\u0119 z naszym wsparciem technicznym.<\/li>\n<li><\/li>\n<\/ul>\n<p>[\/vc_column_text][\/vc_column][vc_column width=&#8221;1\/3&#8243;][vc_column_text]<strong>Wybierz jedn\u0105 z opcji<\/strong><\/p>\n<ul>\n<li><a title=\"Problemy z Wi-Fi\" href=\"https:\/\/www.telkab.pl\/index.php\/problemy-z-wi-fi\/\">Problemy z Wi-Fi<\/a><\/li>\n<li class=\"options\"><a href=\"https:\/\/www.telkab.pl\/index.php\/instrukcje-do-dekoderow\/\">Instrukcje do dekoder\u00f3w DVB-C<\/a><\/li>\n<li class=\"options\"><a title=\"Strojenie telewizor\u00f3w z g\u0142owic\u0105 DVB-C + Modu\u0142 CI\" href=\"https:\/\/www.telkab.pl\/index.php\/strojenie-telewizorow-z-glowica-dvb-c-modul-ci\/\">Strojenie telewizor\u00f3w z g\u0142owic\u0105 DVB-C + Modu\u0142 CI<\/a><\/li>\n<li class=\"options\">Strojenie dekoder\u00f3w dost\u0119pnych w sieci Tel-Kab<\/li>\n<li class=\"options\"><a title=\"Windows 10 - brak po\u0142\u0105czenia internetowego\" href=\"https:\/\/www.telkab.pl\/index.php\/windows-10-brak-polaczenia-internetowego\/\">Windows 10 &#8211; brak po\u0142\u0105czenia internetowego<\/a><\/li>\n<\/ul>\n<p>&nbsp;<\/p>\n<p><strong>Infolinia dzia\u0142u technicznego jest dost\u0119pna w godzinach:<\/strong><\/p>\n<p>Od Poniedzia\u0142ku do Pi\u0105tku, w godzinach od 8:00 do 21:00.<\/p>\n<p>W weekendy oraz dni wolne ustawowo \u2013 jest mo\u017cliwo\u015b\u0107 pozostawienia wiadomo\u015bci g\u0142osowej na infolinii awaryjnej, (Warunkiem przyj\u0119cia zg\u0142oszenia jest podanie dok\u0142adnego adresu i telefonu kontaktowego.) prosimy o dok\u0142adne podanie adresu \u015bwiadczenia us\u0142ugi, pod numerem (22) 415-00-00 wew. 3.<\/p>\n<p>Po weryfikacji zg\u0142oszenia nasz konsultant oddzwoni do Pa\u0144stwa.<\/p>\n<p>Zach\u0119camy te\u017c do wys\u0142ania zg\u0142oszenia na adres e-mail: boa(at)telkab.pl*<\/p>\n<p>*- (at) zamieni\u0107 na @[\/vc_column_text][\/vc_column][\/vc_row]<\/p>\n<\/div>","protected":false},"excerpt":{"rendered":"<p>[vc_row margin_top=&#8221;-80&#8243; full_width_row=&#8221;true&#8221; css=&#8221;.vc_custom_1704797003221{margin-top: 0px !important;border-top-width: 0px !important;padding-top: 0px !important;}&#8221;][vc_column offset=&#8221;vc_hidden-sm vc_hidden-xs&#8221;][vc_single_image image=&#8221;11584&#8243; img_size=&#8221;full&#8221; alignment=&#8221;center&#8221; image_hovers=&#8221;false&#8221;][\/vc_column][\/vc_row][vc_row][vc_column width=&#8221;2\/3&#8243;][vc_column_text]FAQ czyli najcz\u0119\u015bciej zadawane pytania. [\/vc_column_text][vc_column_text] Pytania zwi\u0105zane z szybkim dost\u0119pem do Internetu. Jakie s\u0105 zalety \u015bwiat\u0142owodu (FTTH) w por\u00f3wnaniu z tradycyjnym \u0142\u0105czem? FTTH oferuje znacznie wy\u017csze pr\u0119dko\u015bci pobierania i wysy\u0142ania danych, wi\u0119ksz\u0105 niezawodno\u015b\u0107 i lepsz\u0105 jako\u015b\u0107 transmisji, co&hellip;<\/p>\n","protected":false},"author":1,"featured_media":0,"parent":0,"menu_order":0,"comment_status":"closed","ping_status":"closed","template":"","meta":{"footnotes":"","_links_to":"","_links_to_target":""},"class_list":["post-11586","page","type-page","status-publish","hentry","description-off"],"yoast_head":"<!-- This site is optimized with the Yoast SEO Premium plugin v27.6 (Yoast SEO v27.6) - https:\/\/yoast.com\/product\/yoast-seo-premium-wordpress\/ -->\n<title>Pomoc FAQ - Tel-Kab | Telewizja | Internet | Telefon<\/title>\n<meta name=\"description\" content=\"Pe\u0142na wolno\u015b\u0107 wyboru! Po\u0142\u0105cz dowoln\u0105 opcj\u0119 Internetu z dowolnym pakietem telewizji. Sprawd\u017a nasz konfigurator Tel-Kab | Telewizja | Internet | Telefon\" \/>\n<meta name=\"robots\" content=\"index, follow, max-snippet:-1, max-image-preview:large, max-video-preview:-1\" \/>\n<link rel=\"canonical\" href=\"https:\/\/www.telkab.pl\/index.php\/faq\/\" \/>\n<meta property=\"og:locale\" content=\"pl_PL\" \/>\n<meta property=\"og:type\" content=\"article\" \/>\n<meta property=\"og:title\" content=\"Pomoc FAQ\" \/>\n<meta property=\"og:description\" content=\"Pe\u0142na wolno\u015b\u0107 wyboru! Po\u0142\u0105cz dowoln\u0105 opcj\u0119 Internetu z dowolnym pakietem telewizji. Sprawd\u017a nasz konfigurator Tel-Kab | Telewizja | Internet | Telefon\" \/>\n<meta property=\"og:url\" content=\"https:\/\/www.telkab.pl\/index.php\/faq\/\" \/>\n<meta property=\"og:site_name\" content=\"Tel-Kab | Telewizja | Internet | Telefon\" \/>\n<meta property=\"article:publisher\" content=\"https:\/\/www.facebook.com\/telkab.pruszkow\/\" \/>\n<meta property=\"article:modified_time\" content=\"2024-01-09T16:33:22+00:00\" \/>\n<meta property=\"og:image\" content=\"https:\/\/www.telkab.pl\/wp-content\/uploads\/2023\/09\/Internet_pro_495x600.jpg\" \/>\n\t<meta property=\"og:image:width\" content=\"495\" \/>\n\t<meta property=\"og:image:height\" content=\"600\" \/>\n\t<meta property=\"og:image:type\" content=\"image\/jpeg\" \/>\n<meta name=\"twitter:card\" content=\"summary_large_image\" \/>\n<meta name=\"twitter:label1\" content=\"Szacowany czas czytania\" \/>\n\t<meta name=\"twitter:data1\" content=\"5 minut\" \/>\n<script type=\"application\/ld+json\" class=\"yoast-schema-graph\">{\"@context\":\"https:\\\/\\\/schema.org\",\"@graph\":[{\"@type\":\"WebPage\",\"@id\":\"https:\\\/\\\/www.telkab.pl\\\/index.php\\\/faq\\\/\",\"url\":\"https:\\\/\\\/www.telkab.pl\\\/index.php\\\/faq\\\/\",\"name\":\"Pomoc FAQ - Tel-Kab | Telewizja | Internet | Telefon\",\"isPartOf\":{\"@id\":\"https:\\\/\\\/www.telkab.pl\\\/#website\"},\"datePublished\":\"2024-01-09T11:15:29+00:00\",\"dateModified\":\"2024-01-09T16:33:22+00:00\",\"description\":\"Pe\u0142na wolno\u015b\u0107 wyboru! Po\u0142\u0105cz dowoln\u0105 opcj\u0119 Internetu z dowolnym pakietem telewizji. Sprawd\u017a nasz konfigurator Tel-Kab | Telewizja | Internet | Telefon\",\"breadcrumb\":{\"@id\":\"https:\\\/\\\/www.telkab.pl\\\/index.php\\\/faq\\\/#breadcrumb\"},\"inLanguage\":\"pl-PL\",\"potentialAction\":[{\"@type\":\"ReadAction\",\"target\":[\"https:\\\/\\\/www.telkab.pl\\\/index.php\\\/faq\\\/\"]}]},{\"@type\":\"BreadcrumbList\",\"@id\":\"https:\\\/\\\/www.telkab.pl\\\/index.php\\\/faq\\\/#breadcrumb\",\"itemListElement\":[{\"@type\":\"ListItem\",\"position\":1,\"name\":\"Strona g\u0142\u00f3wna\",\"item\":\"https:\\\/\\\/www.telkab.pl\\\/\"},{\"@type\":\"ListItem\",\"position\":2,\"name\":\"Pomoc FAQ\"}]},{\"@type\":\"WebSite\",\"@id\":\"https:\\\/\\\/www.telkab.pl\\\/#website\",\"url\":\"https:\\\/\\\/www.telkab.pl\\\/\",\"name\":\"Tel-Kab \u015awiat\u0142ow\u00f3d - najlepsza oferta w najnowszej technologii\",\"description\":\"Nasz \u015bwiat\u0142ow\u00f3d wyprzedza przysz\u0142o\u015b\u0107\",\"publisher\":{\"@id\":\"https:\\\/\\\/www.telkab.pl\\\/#organization\"},\"alternateName\":\"TELKAB - telewizja, Internet, telefon\",\"potentialAction\":[{\"@type\":\"SearchAction\",\"target\":{\"@type\":\"EntryPoint\",\"urlTemplate\":\"https:\\\/\\\/www.telkab.pl\\\/?s={search_term_string}\"},\"query-input\":{\"@type\":\"PropertyValueSpecification\",\"valueRequired\":true,\"valueName\":\"search_term_string\"}}],\"inLanguage\":\"pl-PL\"},{\"@type\":\"Organization\",\"@id\":\"https:\\\/\\\/www.telkab.pl\\\/#organization\",\"name\":\"Tel-Kab \u015awiat\u0142ow\u00f3d\",\"alternateName\":\"Tel-Kab Sp. z o.o.\",\"url\":\"https:\\\/\\\/www.telkab.pl\\\/\",\"logo\":{\"@type\":\"ImageObject\",\"inLanguage\":\"pl-PL\",\"@id\":\"https:\\\/\\\/www.telkab.pl\\\/#\\\/schema\\\/logo\\\/image\\\/\",\"url\":\"https:\\\/\\\/www.telkab.pl\\\/wp-content\\\/uploads\\\/2022\\\/06\\\/logo.png\",\"contentUrl\":\"https:\\\/\\\/www.telkab.pl\\\/wp-content\\\/uploads\\\/2022\\\/06\\\/logo.png\",\"width\":584,\"height\":276,\"caption\":\"Tel-Kab \u015awiat\u0142ow\u00f3d\"},\"image\":{\"@id\":\"https:\\\/\\\/www.telkab.pl\\\/#\\\/schema\\\/logo\\\/image\\\/\"},\"sameAs\":[\"https:\\\/\\\/www.facebook.com\\\/telkab.pruszkow\\\/\",\"https:\\\/\\\/www.instagram.com\\\/telewizja_telkab\\\/\",\"https:\\\/\\\/www.youtube.com\\\/channel\\\/UCJVNDsz7ohwAuXSBnWhTaSA\"]}]}<\/script>\n<!-- \/ Yoast SEO Premium plugin. -->","yoast_head_json":{"title":"Pomoc FAQ - Tel-Kab | Telewizja | Internet | Telefon","description":"Pe\u0142na wolno\u015b\u0107 wyboru! Po\u0142\u0105cz dowoln\u0105 opcj\u0119 Internetu z dowolnym pakietem telewizji. Sprawd\u017a nasz konfigurator Tel-Kab | Telewizja | Internet | Telefon","robots":{"index":"index","follow":"follow","max-snippet":"max-snippet:-1","max-image-preview":"max-image-preview:large","max-video-preview":"max-video-preview:-1"},"canonical":"https:\/\/www.telkab.pl\/index.php\/faq\/","og_locale":"pl_PL","og_type":"article","og_title":"Pomoc FAQ","og_description":"Pe\u0142na wolno\u015b\u0107 wyboru! Po\u0142\u0105cz dowoln\u0105 opcj\u0119 Internetu z dowolnym pakietem telewizji. Sprawd\u017a nasz konfigurator Tel-Kab | Telewizja | Internet | Telefon","og_url":"https:\/\/www.telkab.pl\/index.php\/faq\/","og_site_name":"Tel-Kab | Telewizja | Internet | Telefon","article_publisher":"https:\/\/www.facebook.com\/telkab.pruszkow\/","article_modified_time":"2024-01-09T16:33:22+00:00","og_image":[{"width":495,"height":600,"url":"https:\/\/www.telkab.pl\/wp-content\/uploads\/2023\/09\/Internet_pro_495x600.jpg","type":"image\/jpeg"}],"twitter_card":"summary_large_image","twitter_misc":{"Szacowany czas czytania":"5 minut"},"schema":{"@context":"https:\/\/schema.org","@graph":[{"@type":"WebPage","@id":"https:\/\/www.telkab.pl\/index.php\/faq\/","url":"https:\/\/www.telkab.pl\/index.php\/faq\/","name":"Pomoc FAQ - Tel-Kab | Telewizja | Internet | Telefon","isPartOf":{"@id":"https:\/\/www.telkab.pl\/#website"},"datePublished":"2024-01-09T11:15:29+00:00","dateModified":"2024-01-09T16:33:22+00:00","description":"Pe\u0142na wolno\u015b\u0107 wyboru! Po\u0142\u0105cz dowoln\u0105 opcj\u0119 Internetu z dowolnym pakietem telewizji. Sprawd\u017a nasz konfigurator Tel-Kab | Telewizja | Internet | Telefon","breadcrumb":{"@id":"https:\/\/www.telkab.pl\/index.php\/faq\/#breadcrumb"},"inLanguage":"pl-PL","potentialAction":[{"@type":"ReadAction","target":["https:\/\/www.telkab.pl\/index.php\/faq\/"]}]},{"@type":"BreadcrumbList","@id":"https:\/\/www.telkab.pl\/index.php\/faq\/#breadcrumb","itemListElement":[{"@type":"ListItem","position":1,"name":"Strona g\u0142\u00f3wna","item":"https:\/\/www.telkab.pl\/"},{"@type":"ListItem","position":2,"name":"Pomoc FAQ"}]},{"@type":"WebSite","@id":"https:\/\/www.telkab.pl\/#website","url":"https:\/\/www.telkab.pl\/","name":"Tel-Kab \u015awiat\u0142ow\u00f3d - najlepsza oferta w najnowszej technologii","description":"Nasz \u015bwiat\u0142ow\u00f3d wyprzedza przysz\u0142o\u015b\u0107","publisher":{"@id":"https:\/\/www.telkab.pl\/#organization"},"alternateName":"TELKAB - telewizja, Internet, telefon","potentialAction":[{"@type":"SearchAction","target":{"@type":"EntryPoint","urlTemplate":"https:\/\/www.telkab.pl\/?s={search_term_string}"},"query-input":{"@type":"PropertyValueSpecification","valueRequired":true,"valueName":"search_term_string"}}],"inLanguage":"pl-PL"},{"@type":"Organization","@id":"https:\/\/www.telkab.pl\/#organization","name":"Tel-Kab \u015awiat\u0142ow\u00f3d","alternateName":"Tel-Kab Sp. z o.o.","url":"https:\/\/www.telkab.pl\/","logo":{"@type":"ImageObject","inLanguage":"pl-PL","@id":"https:\/\/www.telkab.pl\/#\/schema\/logo\/image\/","url":"https:\/\/www.telkab.pl\/wp-content\/uploads\/2022\/06\/logo.png","contentUrl":"https:\/\/www.telkab.pl\/wp-content\/uploads\/2022\/06\/logo.png","width":584,"height":276,"caption":"Tel-Kab \u015awiat\u0142ow\u00f3d"},"image":{"@id":"https:\/\/www.telkab.pl\/#\/schema\/logo\/image\/"},"sameAs":["https:\/\/www.facebook.com\/telkab.pruszkow\/","https:\/\/www.instagram.com\/telewizja_telkab\/","https:\/\/www.youtube.com\/channel\/UCJVNDsz7ohwAuXSBnWhTaSA"]}]}},"jetpack_sharing_enabled":true,"_links":{"self":[{"href":"https:\/\/www.telkab.pl\/index.php\/wp-json\/wp\/v2\/pages\/11586","targetHints":{"allow":["GET"]}}],"collection":[{"href":"https:\/\/www.telkab.pl\/index.php\/wp-json\/wp\/v2\/pages"}],"about":[{"href":"https:\/\/www.telkab.pl\/index.php\/wp-json\/wp\/v2\/types\/page"}],"author":[{"embeddable":true,"href":"https:\/\/www.telkab.pl\/index.php\/wp-json\/wp\/v2\/users\/1"}],"replies":[{"embeddable":true,"href":"https:\/\/www.telkab.pl\/index.php\/wp-json\/wp\/v2\/comments?post=11586"}],"version-history":[{"count":5,"href":"https:\/\/www.telkab.pl\/index.php\/wp-json\/wp\/v2\/pages\/11586\/revisions"}],"predecessor-version":[{"id":11593,"href":"https:\/\/www.telkab.pl\/index.php\/wp-json\/wp\/v2\/pages\/11586\/revisions\/11593"}],"wp:attachment":[{"href":"https:\/\/www.telkab.pl\/index.php\/wp-json\/wp\/v2\/media?parent=11586"}],"curies":[{"name":"wp","href":"https:\/\/api.w.org\/{rel}","templated":true}]}}